 tens digit of n?
2
Let d(a) = a**2 + 7*a + 9. Suppose -5*x - 3*o = 32, -x - o = 6 - 0. What is the units digit of d(x)?
9
Suppose -3*j = -8*j, -324 = -3*c + 3*j. What is the tens digit of c?
0
Suppose 5*i = i + 112. What is the units digit of i?
8
Suppose -3*j - 3*z + 0*z = -105, -15 = -j + 4*z. What is the tens digit of j?
3
Let l(b) = -b**3 + b**2 + b - 4. Let n(d) = 3*d**3 - 3*d**2 - 2*d + 12. Let a(g) = 7*l(g) + 2*n(g). What is the units digit of a(-3)?
3
Suppose -8*n + 230 = -106. What is the tens digit of n?
4
Suppose 27 = 2*y - 1. What is the units digit of y?
4
Let d(b) = -b**3 + 3*b**2 + 5*b - 3. Let u be d(3). What is the units digit of u/(-14)*(3 - 10)?
6
Suppose -7*c + 3*c - 64 = 0. What is the units digit of 282/8 - (-4)/c?
5
What is the tens digit of (-6)/9 + 298/6?
4
Let b(z) = -7*z + 2*z + 14 + 4*z. What is the units digit of b(9)?
5
Let z(i) = -i**2 + 27*i - 1. What is the tens digit of z(23)?
9
Let b(a) = -a - 5. Let u be (-2)/5 + (-66)/10. Let o be b(u). Suppose -o*j + 8 = -0. What is the units digit of j?
4
What is the tens digit of (-6)/8 - (-631)/4?
5
Suppose 1 = 4*w - 3. Let f(q) = -2 + 5*q - 3*q + w. What is the units digit of f(2)?
3
Suppose 3*k + 20 + 33 = a, 0 = 4*k. Let z = a - 31. What is the tens digit of z?
2
Let c(x) = -x**2 - 15*x - 11. What is the units digit of c(-7)?
5
Suppose 9*o - 459 = -0*o. What is the tens digit of o?
5
Suppose -3*i + 39 = -0*i. Let v = 0 - 5. Let o = v + i. What is the units digit of o?
8
Suppose 0*v - 12 = -2*v + 2*u, 0 = 5*v + 5*u. Suppose -w = -v + 1. Let q(t) = 3*t - 2. What is the units digit of q(w)?
4
Let g = 54 - 29. Suppose -4*y + g = 2*n - 15, 0 = 4*y + 5*n - 28. What is the units digit of y?
2
Let m(v) = 3*v**2 - 2*v + 1. Let n be m(1). Let d = 30 + n. What is the units digit of (3/4)/(2/d)?
2
Let s = -5 - -52. What is the tens digit of s?
4
Suppose -4*z + 2*x - 2 = 0, -3*z - 2*x = -x - 11. Suppose 4*a + n = 34, -5*n = 4*a - 28 + z. What is the units digit of a?
9
Let s(z) = 2*z**2 - 11*z + 9. Let i be s(5). Suppose 40 = -0*o - 4*o. What is the units digit of (o/(-4))/(2/i)?
5
Let d(i) be the first derivative of i**3/3 - 4*i**2 + i + 1. What is the units digit of d(8)?
1
Let d = 10 + -9. Suppose -1 - 6 = w. Let g = d - w. What is the units digit of g?
8
Let i(h) be the second derivative of -7*h**4/12 - h**3/3 - h**2/2 - h. Let l be i(-1). Let a = 7 + l. What is the units digit of a?
1
Let a(d) be the third derivative of -d**6/60 + d**4/8 + d**3/2 - d**2. Let b be a(-2). Suppose 2*s - b = -3*x, -2*s + 15 - 4 = x. What is the units digit of x?
1
Let w(i) = -i**3 + 10*i**2 + 2*i + 13. What is the tens digit of w(8)?
5
Let t be 1/((8/(-10))/(-4)). Suppose t*d = 4*z - 13, 2*z + 2 = 5*z + 4*d. Suppose 7*x - z*y = 2*x + 19, -4*y + 17 = x. What is the units digit of x?
5
Let z be (-2)/9 + (-6112)/36. What is the tens digit of 2*(z/4)/(-5)?
1
Let s = -9 - -15. Let r = -17 + s. Let n = -1 - r. What is the units digit of n?
0
What is the hundreds digit of 219 - 14/(-4)*12/(-21)?
2
Let x = 101 - 39. What is the tens digit of x?
6
Suppose -2*k = 3*q - 54, -4*k - 33 = -3*q + k. Let s = q - 5. What is the units digit of s?
1
Suppose 31*g = 28*g + 72. What is the units digit of g?
4
Suppose 4*i + 11 + 1 = 0. What is the units digit of 6 + i - (-4 + 1)?
6
Suppose -5*p + 3*p - 4 = 0. What is the tens digit of 13 - -7 - (-4)/p?
1
Let u be 4/6*(-225)/(-6). Suppose 0 = -f + 2*k + 66 - u, -k = -3*f + 113. What is the tens digit of f?
3
Suppose -p + 3*t + 12 = 0, -p - 2*t + 3*t = -6. Suppose p*z - 8*z = -25. Suppose -z*r + 24 + 21 = 5*i, -3*r = 2*i - 29. What is the tens digit of r?
1
What is the tens digit of (0 - -3) + 9/(-6)*-146?
2
Let u(t) = t**2 + 8*t - 5. Let y be u(-11). What is the units digit of ((-4)/(-2))/(y/70)?
5
Let f(v) = v**3 + v**2 + 3*v + 63. What is the tens digit of f(0)?
6
Let c(v) = -v**2 + 2*v + 26. What is the units digit of c(0)?
6
Suppose 0 = 3*g - 11 - 4. What is the units digit of g*(-1)/3*-3?
5
What is the units digit of 1*(-4 + -43)*-1?
7
Suppose -3*d + 14 = -5*y - 345, 0 = -3*y + 6. What is the hundreds digit of d?
1
What is the tens digit of (-860)/(-16) + (7/(-4) - -2)?
5
Suppose 294 = -3*l + 5*l + 3*f, 0 = 2*l - 4*f - 266. Suppose 2*s + 5*g - l = -53, g - 243 = -5*s. What is the units digit of s?
9
Let j(c) = -c**2 + 10. Let y(l) = -l**2 + 11. Let u(t) = -2*j(t) + 3*y(t). What is the units digit of u(0)?
3
Suppose -5*a - k - 3 = 0, 3*a + 12 = a - 4*k. Let c be 66/10 - (-6)/15. Suppose b + 0*b - c = a. What is the units digit of b?
7
Let t = -61 + 110. What is the tens digit of t?
4
Suppose -2*k - 5 + 19 = 0. Suppose -a - a + k = -c, 3*c = -3*a + 6. Suppose a = h - 3. What is the units digit of h?
6
What is the tens digit of ((-28)/10)/((1/(-20))/1)?
5
What is the hundreds digit of -458*(-2)/(-10)*395/(-158)?
2
Let y = 208 + -83. What is the tens digit of y?
2
Suppose l - 41 = 2*u, 27 - 149 = 5*u + 4*l. Let j = -74 - -107. Let c = u + j. What is the tens digit of c?
1
Let f(s) = -4*s. What is the units digit of f(-2)?
8
Suppose -r + 1 = 5*o - 27, 0 = 2*o - 10. What is the tens digit of r + 11 + (-3 - -3)?
1
Suppose -5 = 4*o - 3*o + 4*m, -4*o + 3*m + 18 = 0. Let v(w) = w - 2*w**o + 0*w**3 + 1 - 3*w**3 + w**2. What is the units digit of v(-1)?
6
Let i(q) = q - 2. Let h(f) = f - 1. Let j be h(5). Let p be i(j). Suppose -p*z + 3 + 1 = 0. What is the units digit of z?
2
Let f be (-6)/(-2) - (-4)/(-2). Let r = 2 + f. Suppose 2*p = r*p - 6. What is the units digit of p?
6
Let z(v) = v**2 + 2*v. Let n be z(-4). What is the units digit of (-6)/n + (-30)/(-8)?
3
Let c = -7 + 1. What is the units digit of (-2)/(-3) + (-158)/c?
7
Let b = 65 - 36. What is the tens digit of b?
2
Let s(a) = 7*a + 3. What is the tens digit of s(8)?
5
Let h = 30 - 9. Let d = h - 0. What is the tens digit of d?
2
Let h be (-1)/1*1 + 4. Suppose -3*l = -18 + h. Suppose 13 = l*u - 4*p, 0*p = 5*u + 4*p - 37. What is the units digit of u?
5
Let z(r) be the second derivative of 1/12*r**4 + 3*r + 0*r**3 + 0 - r**2. What is the units digit of z(-2)?
2
What is the tens digit of (197/(-1))/(-1) - 6/(-2)?
0
Suppose 4*m - 30 = -5*z + 33, 0 = -2*z - 3*m + 28. Suppose -q = 4*w - 13, -3*w - 2*q + z = -0*q. What is the units digit of w?
3
Let b be 146/30 + 20/150. Suppose 14 = 2*y + b*a, -3*y - 2*y - 3*a = -73. What is the tens digit of y?
1
What is the hundreds digit of 126 - ((-1)/(1 - 2) - 0)?
1
Let z = 14 - -5. Let d = -12 + z. What is the units digit of d?
7
What is the tens digit of (-2 + -3)*(1 - 147/15)?
4
Let x = 8 + -6. Suppose -2*a - 2*a - 60 = -2*h, 4*a = -x*h + 76. What is the units digit of h?
4
Let n be 38/((-2)/(-4)*-1). Let t = -40 - n. What is the units digit of t?
6
Let o = 48 - 83. Let h = 29 - o. Suppose 4*k = 4*y - h, 2*y + 2*k - 20 = 7*k. What is the units digit of y?
0
Let b be 2*1/(-2)*5. Let g(x) = x**3 + 6*x**2 + 5*x + 7. What is the units digit of g(b)?
7
What is the units digit of (-4)/(-26) - (-1554)/39?
0
Suppose 18 - 108 = -2*w. What is the units digit of w?
5
Let p(g) = -2*g - 8. Let b be p(-7). Let q be (b/9)/(3/9). What is the units digit of 6 - (1 + -1 + q)?
4
Let q = -5 - -1. Let x(a) = -2*a**2 + 4*a + 4. Let m be x(q). What is the units digit of 4/(-10) + m/(-10)?
4
Suppose 2 = 2*h - 6. Suppose -h*s = -s - 75. What is the units digit of s?
5
Let l = -24 + 6. Let i = l + 31. What is the tens digit of i?
1
Let t = -23 + 38. What is the tens digit of t?
1
Suppose -6*m + m - 2*g = -20, -15 = 5*m - 5*g. Suppose m*l + 0*l = 3*f + 61, -4*l = -2*f - 126. What is the tens digit of l?
3
Let x(t) = 771*t**2 - t + 1. Let z be x(1). What is the tens digit of (-10)/75 + z/45?
1
Suppose -170 - 158 = -2*x. What is the units digit of x?
4
Suppose 0 = 2*y - 4 - 14. What is the units digit of 6/y*(-30)/(-4)?
5
Let n = -59 + 31. What is the tens digit of (4 + 4)/(-4)*n?
5
Let p(c) = 2*c - 11. Let r be p(8). Suppose -44 = -r*q + 16. Suppose 22 = 3*y + 2*o, -4*y + o - q = -56. What is the units digit of y?
0
Let a(n) = n**3 + 7*n**2 - 7*n. Let z be 4/(-6) + 44/(-6). Let s be a(z). Let r = 17 + s. What is the units digit of r?
9
Let h be 2*1/((-2)/(-7)). Let t(r) = -h*r + r - 1 + 2*r. What is the units digit of t(-2)?
7
Let m = -14 + 21. Let o = 12 - m. What is the units digit of o?
5
Suppose 